2)/4*(-1494)/2739 is divided by 9?
3
Suppose 0 = -4*n + 8, 0*n = -5*d - 4*n + 73. Let r(j) = j**3 + 6*j**2 - 4*j. What is the remainder when r(-4) is divided by d?
9
Let m = 114 - 100. Let u = 626 - 574. Calculate the remainder when u is divided by m.
10
Let l = -652 + 683. Calculate the remainder when 215 is divided by l.
29
Let h = 791 - 806. Let p(d) = -16*d - 219. Calculate the remainder when 43 is divided by p(h).
1
Let q = 137 + -95. Suppose 2*c = -h + q, -4*c + 5*c = 4*h + 21. Calculate the remainder when (-1)/((-1)/(-9))*(-24 + 15) is divided by c.
18
Let f be 228/((-3)/(-2) + 0). Suppose -y + 0*y = -f. Calculate the remainder when y is divided by 21/(-9 - 38/((-304)/84)).
12
Suppose 66*h - 6674 = 4084. Calculate the remainder when 3421 is divided by h.
161
Let c(g) = 3*g + 14. Let o(k) = -15*k - 70. Let m(u) = 22*c(u) + 4*o(u). Let x be m(-7). Let p = x - -41. What is the remainder when 77 is divided by p?
23
What is the remainder when 1096 is divided by (-6 + ((-14)/6)/(-3 - -4))*-33?
271
Let v = -4420 + 4454. Let i = 27 - 18. Calculate the remainder when v is divided by i.
7
Let i(o) = -o**3 - 50*o**2 - 141*o + 70. Calculate the remainder when i(-47) is divided by 6.
4
Let t(m) = -m**3 - 2*m**2 + 3*m + 2. Let w be t(-3). Let d be 20/16 + 42/(-168). Calculate the remainder when 34 is divided by (0 + d/(-2))/(w/(-36)).
7
Let n be -120*-2*(2 + (-8)/6). Let k be (18/4)/((-5)/(n/(-2))). Calculate the remainder when 21 is divided by (3/(-6))/((-3)/k).
9
Let i(f) = 41*f - 40. Suppose 0 = 2*n - 3*z + z - 12, 5*n = -2*z + 16. Calculate the remainder when i(n) is divided by 36.
16
Suppose 152 = 2*n + 2*f, 3*f - 164 = -2*n - 2*f. Suppose -u - 11*v + n = -14*v, 4*u + 5*v - 203 = 0. What is the remainder when 110 is divided by u?
53
Let i = -87 + 128. Let y = 51 - i. Suppose -17*p + y*p + 168 = 0. Calculate the remainder when p is divided by 7.
3
Suppose -3*h + 277 = -a + 72, 277 = 4*h - 5*a. Suppose -h*q + 1109 = 293. Calculate the remainder when 59 is divided by q.
11
Let i = -19676 + 19739. Calculate the remainder when 1537 is divided by i.
25
Suppose 2*s - y + 623 = 3*s, -3*y - 3147 = -5*s. Calculate the remainder when s is divided by 106.
97
Let c be (-5)/(-3)*4176/40. Let p = c - 91. What is the remainder when p is divided by 22?
17
Let w = 13 + 32. Calculate the remainder when 107 is divided by 50/(-6)*(-54)/w.
7
Suppose -16640 = -82*k + 18*k - 40*k. Let h(s) = s + 55. What is the remainder when k is divided by h(0)?
50
Suppose 2*w - 5*d = -120, -w - 11 = -4*d + 52. Let u = -23 - w. What is the remainder when u is divided by ((-6)/(-7))/((-3)/(-63))?
14
Let x(r) = 50*r**2 + 386*r - 38. Calculate the remainder when x(-8) is divided by (-136)/(-6) + 12/36.
5
Calculate the remainder when 1929 is divided by (-12)/54 + (-156168)/(-729).
3
Let v(q) = 18*q + 266. Calculate the remainder when 1354 is divided by v(-14).
10
Suppose -4*n = -3*v + 403, 2*v + 1583 = 5*n + 1854. What is the remainder when 592 is divided by v?
60
Let b(i) = i**3 + 35*i**2 + 104*i + 76. Calculate the remainder when b(-31) is divided by 172.
8
Let h(l) = -158*l - 1437. Calculate the remainder when h(-15) is divided by 306.
15
Let v(z) = 7*z - 30 + 1 - 4 + 45*z. Calculate the remainder when v(2) is divided by 24.
23
Let s be (-5 + 4)/(2/(-10)). Suppose 0 = -9*c + s*c - 228. Let y = -30 - c. Calculate the remainder when y is divided by 10.
7
Let q(g) = -19*g + 877. Calculate the remainder when 1524 is divided by q(20).
33
Let s = -7 - -5. Suppose -2*n + 2*g + 71 + 25 = 0, -3*n + 156 = g. Calculate the remainder when n is divided by ((-91)/(-7))/(s/(-2*2)).
25
Suppose -59*h + 62*h = 126. Let s be 2/(-4)*(-2 + 24). Let u = s - -23. Calculate the remainder when h is divided by u.
6
Let m(f) = f**2 - 18*f - 18. Let c be m(15). Let s = c - -176. Calculate the remainder when s is divided by 57.
56
Let h(n) = -n**3 + 6*n**2 + 105*n - 646. Calculate the remainder when 3271 is divided by h(7).
31
What is the remainder when (-3 - (-318)/(-4))*(-7640)/50 is divided by 97?
93
Let u = -7458 - -7502. What is the remainder when 140 is divided by u?
8
Suppose 3*u = 14*u - 5104. Suppose -3*z - u = -19*z. Calculate the remainder when 104 is divided by z.
17
Suppose 3*m - 2180 = -5*t, 3*m + 2150 = 58*t - 53*t. Calculate the remainder when t is divided by 193.
47
Let x(y) = -y**3 + 13*y**2 - 19*y - 23. Suppose 0 = 5*j + 159 - 214. What is the remainder when 33 is divided by x(j)?
3
Suppose -1166 = 96*b - 98*b + 5*r, 1172 = 2*b - 4*r. What is the remainder when b is divided by 215?
168
Let p(i) = -3*i**2 - 7*i + 5. Let q be p(-5). Let b(v) = -3*v + 212. What is the remainder when b(q) is divided by 40?
37
Let t = -181 - -15. Let v = 217 + t. Suppose 38 = 2*r + 10. What is the remainder when v is divided by r?
9
Let v be (-2415)/(-40) + 6/(-16). Suppose -3*n = -u + v, 36 = u + 2*n - 29. Calculate the remainder when 438 is divided by u.
60
Let h = -13 - -35. Let l(z) = 2*z**2 + 4*z - 14. Let v be l(2). Calculate the remainder when (v + 207 + 1)*(-2)/(-5) is divided by h.
18
Let p = 620 - -654. What is the remainder when (-9 + 0)*p/(-147) is divided by 20?
18
Suppose 74*w = 66*w + 680. What is the remainder when 175 is divided by w?
5
Let o = 26 + -7. Let w = 139631 + -139543. What is the remainder when w is divided by o?
12
Suppose -711 = 5*d - 3*q, -375 = 5*d + 4*q + 357. Let z = 190 + d. Let k = z - -17. Calculate the remainder when k is divided by 22.
19
Suppose -75*m - 29220 = -5*f - 80*m, 0 = -2*f + 2*m + 11660. Calculate the remainder when f is divided by 167.
159
Let t = -7 + 13. Suppose -168*g + 2688 = 174*g - 335*g. Calculate the remainder when 39 is divided by (t/(-5))/(-3) + g/40.
9
Suppose -6*n = 826 - 46360. What is the remainder when n is divided by 138?
137
Suppose -5*i = -4*j + 1505, 0 = -2*j - 679*i + 675*i + 746. What is the remainder when j is divided by 18?
15
Let y(w) = 52*w + 5800. Calculate the remainder when 804 is divided by y(-111).
20
Let g = 4684 - 4620. Calculate the remainder when 265 is divided by g.
9
What is the remainder when (-8)/(-36)*3/2 - 2517/(-9) is divided by 71?
67
Let y be ((-6)/18)/((-2)/66). Suppose 3*g - 80 = -5*v, -2*g - y + 35 = -4*v. Suppose -582 + 2824 = 38*t. What is the remainder when t is divided by g?
19
Suppose 21*c = -13*c + 1632. Let f = 54 - 20. Let r = f + c. What is the remainder when r is divided by 12?
10
Let f = -486 - -461. Let c(n) = -9*n + 148. What is the remainder when c(f) is divided by 21?
16
Suppose 51*n = -90*n + 16638. What is the remainder when n is divided by 63?
55
Let c(z) = 2*z**2 + 9*z + 158. What is the remainder when c(-18) is divided by 208?
20
Let z = 10631 - 10443. What is the remainder when z is divided by 26?
6
Let g(l) = -39*l - 2573. Calculate the remainder when g(-78) is divided by 97.
81
Let n be -1 + 2 + (-6)/(-3). Let d(g) = 2*g**2 - 24*g + 26. What is the remainder when (((-6)/(-3) - -1) + 13)*n is divided by d(12)?
22
Let h(b) = 151*b**2 - 2*b - 1. Suppose 2*g - 281 = 3*f, 19*g + 90 = -f + 16*g. Calculate the remainder when h(-1) is divided by ((-4)/12)/(1/f).
28
Let x(v) = 399*v**2 - 5*v. Let r be -2*(22/(-143) + 18/(-52)). What is the remainder when x(r) is divided by 36?
34
Let s(q) = 9*q**3 + 5*q**2 + 5*q + 2. Let t be s(-2). What is the remainder when (t/(-100))/(2/740) is divided by 32?
30
Let l(a) = 31*a**2 - 34*a + 7. Let q = -34 + -5. What is the remainder when l(2) is divided by (4/(-12))/(1/q)?
11
Let o = 6138 + -6037. What is the remainder when o is divided by -3 - 18/(-3 - -2)?
11
Suppose -540 = -m - 5*m. Suppose 961 = 40*b - 9*b. What is the remainder when m is divided by b?
28
Let l(a) = -a**2 + 12*a - 5. Let h be l(11). Let i(y) = -h - 16 - 11 + 25 + 4*y. Calculate the remainder when 47 is divided by i(5).
11
Suppose 0 = d + 1 + 3. Let h = d - -11. What is the remainder when -10*((-77)/(-35) - 7) is divided by h?
6
Let c = -45 + 53. Suppose 2*r - c*r = 0. Suppose -4*n + 3 + 9 = r. What is the remainder when 9 is divided by n?
0
Let r = -3328 - -3339. What is the remainder when 14 is divided by r?
3
Let b = 277 + -251. Suppose -b*t + 25*t = -33. Calculate the remainder when t is divided by 10.
3
Let d(y) = -9*y**2 + 2*y**2 + 6*y**2 - y + 3*y + 14. Calculate the remainder when 139 is d